6886289 a multiple of 23?
False
Is 21 a factor of 160517658?
True
Is 2295183614 a multiple of 398?
True
Does 48 divide 52456885?
False
Does 19 divide 2355863371?
True
Is 28514892 a multiple of 4?
True
Does 9241 divide 388913687?
False
Is 115867992 a multiple of 162?
False
Does 30 divide 700902696?
False
Does 446 divide 3054165917?
False
Does 1080 divide 393674040?
True
Does 2 divide 12643355?
False
Is 289770819 a multiple of 6069?
False
Is 735900672 a multiple of 3328?
True
Is 931976290 a multiple of 166?
True
Is 35 a factor of 307098155?
True
Is 15 a factor of 35487345?
True
Does 11 divide 57535041?
False
Does 287 divide 30985195?
False
Is 322253777 a multiple of 7?
False
Is 59124515 a multiple of 41?
False
Is 2006480123 a multiple of 19?
True
Is 205123779 a multiple of 63?
True
Is 104 a factor of 8378968?
True
Is 291769277 a multiple of 63?
False
Is 6862 a multiple of 19?
False
Does 535 divide 36250530?
True
Is 10 a factor of 38605938?
False
Does 9 divide 760046490?
True
Is 1882421577 a multiple of 6?
False
Does 1263 divide 122994337?
False
Does 200 divide 807093861?
False
Does 84 divide 320169351?
False
Does 98 divide 298000719?
False
Does 189 divide 118516919?
False
Is 24234049 a multiple of 3?
False
Is 34 a factor of 276592263?
False
Is 2658 a factor of 214516548?
True
Does 3013 divide 249422166?
True
Does 447 divide 2506090808?
False
Does 11 divide 396376185?
False
Is 339487490 a multiple of 1378?
False
Is 160 a factor of 37552182?
False
Is 5338 a factor of 285002352?
False
Is 5 a factor of 93492605?
True
Does 983 divide 435852370?
True
Is 49 a factor of 45840725?
True
Is 43669855 a multiple of 1985?
False
Is 1921389010 a multiple of 1810?
False
Does 97 divide 34087687?
False
Does 24 divide 22648488?
True
Is 1992 a factor of 51065091?
False
Does 9 divide 311814690?
False
Is 526 a factor of 124963425?
False
Is 145 a factor of 577474245?
True
Is 400492263 a multiple of 7?
False
Is 4555168599 a multiple of 383?
False
Is 445 a factor of 52362260?
True
Is 47623689 a multiple of 751?
False
Is 25 a factor of 32881225?
True
Is 57 a factor of 26072427?
True
Is 331 a factor of 975364547?
False
Is 25 a factor of 17803600?
True
Is 173666738 a multiple of 117?
False
Is 33811848 a multiple of 55?
False
Is 425260015 a multiple of 31?
True
Is 269 a factor of 8111862?
False
Is 23 a factor of 90369047?
True
Is 152 a factor of 2733928?
False
Is 918863260 a multiple of 595?
True
Is 58 a factor of 532150?
True
Does 7415 divide 4255038430?
True
Is 922264950 a multiple of 36?
False
Does 2060 divide 252763647?
False
Is 31055520 a multiple of 2784?
True
Is 7202087 a multiple of 61?
True
Is 1665106944 a multiple of 420?
False
Does 151 divide 61847939?
True
Is 2992624 even?
True
Does 81 divide 14507991?
True
Is 97 a factor of 119885658?
False
Is 607553391 a multiple of 8?
False
Is 383 a factor of 165642138?
True
Is 772441645 a multiple of 43?
False
Does 1416 divide 1673983872?
True
Is 6 a factor of 9092625?
False
Is 62729040 a multiple of 33?
True
Is 273307860 a multiple of 91?
False
Is 804 a factor of 20354064?
True
Is 26 a factor of 30522739?
False
Does 67 divide 507945693?
True
Is 36686482 a multiple of 56?
False
Is 498 a factor of 8689602?
True
Is 6993083816 a multiple of 524?
False
Is 1381 a factor of 246403409?
False
Does 2532 divide 873929219?
False
Does 15 divide 707869260?
True
Is 481 a factor of 232209484?
True
Is 35222081 a multiple of 11?
False
Does 158 divide 51576730?
True
Does 17 divide 42180729?
False
Does 83 divide 3340014?
False
Is 4089 a factor of 576180990?
True
Does 4 divide 13399980?
True
Does 104 divide 1038618776?
True
Is 2977251990 a multiple of 867?
True
Is 19585124 a multiple of 43?
True
Is 106 a factor of 115611526?
False
Is 1097422452 a multiple of 189?
True
Is 262964469 even?
False
Is 9 a factor of 33866055?
True
Is 3553288480 a multiple of 3395?
True
Is 66510288 a multiple of 702?
True
Does 42 divide 300461512?
False
Does 125 divide 50229171?
False
Is 173 a factor of 15189919?
True
Is 256 a factor of 34163200?
True
Is 203856661 a multiple of 19?
False
Does 10 divide 3421400?
True
Is 367038760 a multiple of 175?
False
Does 5 divide 25272336?
False
Is 129452314 a multiple of 17?
True
Does 2121 divide 322958307?
True
Is 4944636957 a multiple of 13?
True
Does 5 divide 25453233?
False
Is 10 a factor of 1321640?
True
Does 1399 divide 201332888?
True
Does 108 divide 19732032?
True
Is 45426560 a multiple of 5?
True
Is 565211991 a multiple of 496?
False
Is 18674938 a multiple of 3?
False
Is 37272212 a multiple of 328?
False
Does 22 divide 1072446318?
False
Is 1727 a factor of 20268226?
False
Does 771 divide 200015904?
True
Does 698 divide 212661754?
True
Does 689 divide 92283123?
False
Does 1477 divide 66878560?
True
Is 22444620 a multiple of 124?
True
Is 761419 a multiple of 1367?
True
Is 1787 a factor of 501793174?
True
Is 1070493360 a multiple of 1510?
True
Is 2353 a factor of 59706701?
False
Does 12 divide 4090260396?
True
Is 971 a factor of 184371538?
True
Does 149 divide 80257658?
True
Is 145 a factor of 213336201?
False
Is 19 a factor of 107393390?
False
Does 289 divide 4090694?
False
Is 13 a factor of 64276429?
False
Is 441 a factor of 633088645?
False
Is 606 a factor of 10026876?
True
Does 30 divide 1149001380?
True
Is 1959679 a multiple of 6?
False
Does 155 divide 346439117?
False
Is 192065025 a multiple of 612?
False
Is 108 a factor of 366202988?
False
Is 5146651224 a multiple of 572?
True
Does 25 divide 135951100?
True
Does 321 divide 1533592091?
False
Is 16830223 a multiple of 3?
False
Is 785 a factor of 89883871?
False
Is 304 a factor of 71174304?
True
Is 7599254 a multiple of 169?
True
Is 58290138 a multiple of 342?
True
Does 12 divide 97385544?
True
Is 12 a factor of 1008925?
False
Does 159 divide 315815403?
False
Is 2018 a factor of 47045319?
False
Is 23693 a multiple of 39?
False
Is 36050790 a multiple of 38?
True
Does 1223 divide 35520812?
True
Is 663106834 a multiple of 1984?
False
Is 1367020669 a multiple of 244?
False
Does 4288 divide 2781227983?
False
Does 4 divide 33546112?
True
Is 196355268 a multiple of 419?
False
Is 1396 a factor of 117329612?
True
Does 57 divide 1196026212?
True
Is 32912620 a multiple of 26?
True
Is 16274986 a multiple of 3882?
False
Is 218486184 a multiple of 168?
True
Does 566 divide 139864882?
False
Does 9 divide 57646827?
True
Is 31801679 a multiple of 1030?
False
Is 15 a factor of 82247365?
False
Is 22504496 a multiple of 1072?
True
Is 893171058 a multiple of 1614?
False
Is 7422348798 a multiple of 118?
True
Is 43953742 a multiple of 469?
True
Is 32273878 a multiple of 182?
True
Does 2643 divide 232747866?
True
Does 24 divide 70320048?
True
Is 15 a factor of 25872345?
True
Is 68481238 a multiple of 58?
True
Does 11 divide 29517532?
True
Is 241 a factor of 1141020525?
True
Does 77 divide 547522822?
True
Does 928 divide 2933408?
True
Is 8 a factor of 51221496?
True
Is 406663008 a multiple of 568?
True
Is 3596 a factor of 984861692?
True
Is 181 a factor of 154791370?
False
Is 1157 a factor of 1239956900?
True
Does 372 divide 105127572?
True
Is 4 a factor of 5166958?
False
Does 171 divide 302015053?
False
Is 58352416 a multiple of 15?
False
Does 268 divide 4160711?
False
Is 22244868 a multiple of 36?
True
Is 1139223558 a multiple of 22?
True
Does 146 divide 67775390?
True
Does 1083 divide 16748595?
True
Is 200 a factor of 629316000?
True
Does 1498 divide 107718184?
True
Does 68 divide 23714887?
False
Does 738 divide 163683972?
True
Is 872 a factor of 5236360?
True
Is 41436450 a multiple of 99?
True
Is 118431247 a multiple of 2843?
False
Does 14 divide 84589498?
True
Is 2038503402 a multiple of 4291?
False
Does 12 divide 587645028?
True
Is 1875956 a multiple of 52?
False
Is 39966976 a multiple of 448?
True
Is 16900858 a multiple of 31?
False
Is 1454658218 a multiple of 33?
False
Is 987 a factor of 57515451?
True
Is 288585556 a multiple of 14?
True
Does 459 divide 124676334?
True
Is 195 a factor of 9784905?
True
Is 6124 a factor of 4482585315?
False
Does 1098 divide 255697848?
True
Does 12 divide 4876652370?
False
Is 178448113 a multiple of 2010?
False
Is 1638144 a multiple of 128?
True
Does 223 divide 34442707?
False
Is 593 a factor of 93325931?
False
Does 442 divide 328561584?
True
Does 6 div